 greatest common factor of 144 and 24.
24
Calculate the highest common divisor of 2501 and 82.
41
Calculate the highest common divisor of 628 and 4.
4
What is the highest common divisor of 35 and 8?
1
What is the greatest common factor of 10 and 12970?
10
What is the greatest common divisor of 30 and 80?
10
What is the greatest common divisor of 16 and 2344?
8
What is the highest common factor of 396 and 1125?
9
Calculate the highest common factor of 192 and 64992.
96
Calculate the greatest common factor of 55 and 121.
11
Calculate the highest common factor of 9 and 99.
9
What is the greatest common factor of 2355 and 45?
15
What is the highest common factor of 1180 and 20?
20
What is the highest common divisor of 160 and 720?
80
What is the greatest common factor of 1 and 9?
1
Calculate the greatest common factor of 1072 and 176.
16
Calculate the highest common divisor of 56 and 2380.
28
What is the highest common divisor of 17 and 10132?
17
Calculate the greatest common divisor of 8 and 90.
2
Calculate the highest common divisor of 9068 and 2.
2
Calculate the greatest common divisor of 18912 and 24.
24
What is the highest common factor of 1440 and 12?
12
Calculate the greatest common divisor of 6 and 261.
3
What is the greatest common divisor of 1484 and 21412?
212
Calculate the greatest common divisor of 52 and 1144.
52
What is the greatest common divisor of 21 and 7?
7
Calculate the greatest common divisor of 66470 and 230.
230
Calculate the greatest common divisor of 630 and 342.
18
What is the greatest common divisor of 3565 and 15?
5
Calculate the highest common factor of 64 and 4.
4
What is the highest common divisor of 352 and 24?
8
Calculate the greatest common divisor of 28 and 364.
28
Calculate the highest common divisor of 192 and 54.
6
What is the highest common factor of 38 and 342?
38
Calculate the greatest common factor of 20 and 1780.
20
Calculate the greatest common divisor of 36 and 60.
12
What is the greatest common divisor of 234 and 1079?
13
Calculate the greatest common divisor of 867 and 9248.
289
What is the greatest common factor of 58 and 203?
29
Calculate the greatest common divisor of 869 and 1067.
11
What is the highest common factor of 2247 and 63?
21
Calculate the highest common factor of 3629 and 19.
19
What is the greatest common factor of 6970 and 340?
170
Calculate the greatest common factor of 70 and 90.
10
Calculate the highest common factor of 244 and 2.
2
Calculate the highest common factor of 113 and 1469.
113
Calculate the greatest common factor of 102 and 17697.
51
Calculate the highest common divisor of 18 and 16.
2
Calculate the highest common divisor of 135 and 5.
5
What is the greatest common factor of 105 and 135?
15
Calculate the greatest common divisor of 455 and 70.
35
What is the highest common divisor of 527 and 62?
31
What is the greatest common factor of 682 and 33?
11
What is the greatest common factor of 252 and 324?
36
Calculate the greatest common divisor of 2810 and 20.
10
What is the greatest common factor of 1580 and 6162?
158
Calculate the greatest common factor of 205 and 10.
5
Calculate the greatest common divisor of 6 and 39.
3
What is the greatest common factor of 55570 and 10?
10
Calculate the highest common divisor of 868 and 378.
14
What is the greatest common divisor of 34 and 578?
34
What is the greatest common divisor of 149 and 2?
1
Calculate the greatest common factor of 18051 and 99.
33
Calculate the greatest common divisor of 12100 and 100.
100
Calculate the highest common divisor of 602 and 774.
86
Calculate the greatest common divisor of 456 and 248.
8
What is the greatest common factor of 27 and 633?
3
What is the greatest common divisor of 1825 and 73?
73
What is the highest common factor of 27 and 717?
3
What is the greatest common divisor of 180 and 315?
45
Calculate the highest common factor of 105 and 560.
35
Calculate the greatest common factor of 27 and 24.
3
What is the highest common divisor of 6 and 1434?
6
What is the greatest common factor of 82 and 4?
2
What is the greatest common factor of 99 and 121?
11
Calculate the highest common divisor of 90 and 50.
10
Calculate the greatest common factor of 22 and 176.
22
Calculate the highest common factor of 49 and 1701.
7
Calculate the highest common divisor of 65 and 156.
13
Calculate the greatest common divisor of 164 and 410.
82
What is the highest common divisor of 110 and 90?
10
What is the highest common factor of 295 and 41005?
295
Calculate the highest common factor of 3925 and 50.
25
What is the highest common factor of 5 and 45?
5
What is the highest common factor of 25 and 6725?
25
Calculate the greatest common factor of 188 and 141.
47
Calculate the highest common divisor of 4 and 148.
4
Calculate the greatest common factor of 589 and 19.
19
What is the highest common divisor of 232 and 72?
8
What is the highest common divisor of 7306 and 52?
26
What is the greatest common factor of 119 and 51?
17
What is the greatest common factor of 52 and 32?
4
Calculate the highest common divisor of 11 and 18953.
11
What is the greatest common divisor of 8 and 32?
8
What is the highest common divisor of 36 and 656?
4
Calculate the highest common factor of 2185 and 19.
19
Calculate the highest common divisor of 1495 and 39.
13
What is the greatest common factor of 11742 and 76?
38
What is the greatest common factor of 1638 and 1274?
182
Calculate the highest common factor of 154 and 88.
22
Calculate the highest common factor of 11 and 7.
1
Calculate the greatest common divisor of 167 and 38243.
167
What is the highest common divisor of 4890 and 30?
30
Calculate the highest common factor of 24 and 768.
24
What is the highest common divisor of 520 and 40?
40
Calculate the greatest common divisor of 112 and 7.
7
What is the greatest common factor of 96 and 216?
24
What is the highest common divisor of 1626 and 6?
6
What is the greatest common divisor of 21 and 6657?
21
What is the highest common factor of 88 and 55?
11
What is the highest common factor of 46 and 667?
23
Calculate the greatest common factor of 8265 and 29.
29
Calculate the highest common factor of 1404 and 135.
27
Calculate the highest common factor of 882 and 84.
42
Calculate the highest common divisor of 1701 and 42.
21
What is the greatest common factor of 9 and 4533?
3
What is the highest common divisor of 20 and 85?
5
Calculate the highest common factor of 52 and 3224.
52
Calculate the highest common divisor of 10008 and 168.
24
Calculate the highest common factor of 996 and 36.
12
Calculate the highest common divisor of 132 and 84.
12
Calculate the greatest common divisor of 95 and 20.
5
What is the greatest common factor of 15040 and 640?
320
Calculate the greatest common factor of 222 and 78.
6
What is the highest common factor of 20 and 7370?
10
What is the highest common factor of 65 and 715?
65
Calculate the greatest common factor of 10 and 375.
5
Calculate the highest common divisor of 55556 and 86.
86
Calculate the highest common factor of 572 and 121.
11
Calculate the highest common divisor of 183 and 488.
61
Calculate the highest common factor of 567 and 7.
7
What is the greatest common divisor of 14 and 56?
14
Calculate the greatest common divisor of 60 and 12.
12
Calculate the greatest common factor of 7266 and 21.
21
Calculate the highest common divisor of 24 and 808.
8
What is the greatest common divisor of 272 and 884?
68
Calculate the highest common divisor of 9 and 2250.
9
What is the greatest common factor of 15 and 255?
15
Calculate the highest common divisor of 12 and 28.
4
Calculate the highest common divisor of 135 and 189.
27
Calculate the greatest common divisor of 667 and 1127.
23
What is the highest common divisor of 64 and 136?
8
Calculate the highest common divisor of 336 and 2800.
112
What is the greatest common divisor of 111 and 111?
111
What is the highest common factor of 55 and 11?
11
Calculate the greatest common factor of 50 and 2.
2
What is the highest common divisor of 391 and 68?
17
What is the highest common factor of 104 and 338?
26
What is the highest common factor of 8078 and 14?
14
What is the highest common divisor of 10 and 10?
10
What is the greatest common divisor of 40 and 60?
20
What is t